
Let z(l) be the first derivative of 2*l**2 - 3*l + 1. Let i be z(2). Suppose -i*m = -4*m + 4, 5*m + 41 = 3*b. What is the units digit of b?
7
Let n(r) = 9*r**2 - 6*r + 5. What is the tens digit of n(5)?
0
Let x(i) = 17*i**2 - i. Let q be x(1). Suppose 2*h = 52 - q. What is the units digit of h?
8
Suppose 4 = 4*u - 4*j, u + 3*j + 0*j = 13. Suppose 0*t + u*t = 72. What is the tens digit of t?
1
Let r(v) = -2*v**2 + 5 + 2*v**2 + 5*v + v**2. What is the units digit of r(-4)?
1
Suppose -5*k - 59 = -449. What is the tens digit of k?
7
Let x = -47 - -94. Suppose 4*t - x = -3*q - 2*q, 5*t - q - 37 = 0. What is the units digit of t?
8
Let h = 11 + -9. What is the tens digit of 22 + (-2*h - -3)?
2
Let o = 33 + -9. Let d(b) = -b**3 - 5*b**2 - 6*b - 4. Let v be d(-4). Suppose -v*w - o = -104. What is the tens digit of w?
2
Let b = -41 + 59. What is the tens digit of 1/3 + 282/b?
1
Let a(v) = -2*v**3 + v**2. Let c be a(1). Let j(x) = 6*x - 1. Let w be j(c). What is the units digit of 88/14 - (-2)/w?
6
Suppose 0 = -2*q - 6, 3*q + 4 + 44 = h. What is the units digit of h?
9
Suppose 3*g + 5*b + 7 = -2, 0 = -4*g + b + 11. Suppose -g*k - k = -33. What is the units digit of k?
1
Let j be 6/(-33) - (-4)/22. Let v(f) be the first derivative of -f**4/4 - f**3/3 + f**2/2 + 5*f + 3. What is the units digit of v(j)?
5
Let y be (-1)/((4 + -3)/(-2)). What is the units digit of (22 - -2)/2 + y?
4
Let i(f) = -f**2 - 4*f + 2. Let z be ((-6)/4)/((-6)/(-12)). Let k be i(z). Suppose -r + 2 = -k. What is the units digit of r?
7
Let f = -37 + 68. What is the tens digit of f?
3
Let a = 1 + -4. Let i be 2/a*6/(-4). What is the tens digit of (2 - i)/((-2)/(-20))?
1
Let g be (-8)/(-48) - 1/6. Let j = -1 + 4. What is the units digit of (g - (-1 - 1)) + j?
5
Let q(x) = -x + 19. Let b be q(11). Let p(a) = -a**2 + 11*a - 8. What is the units digit of p(b)?
6
Suppose 0*u + 231 = 3*u. What is the units digit of u?
7
Let k be 3 + 3/2*2. Let h = -4 + k. Suppose -3*t = h - 5. What is the units digit of t?
1
Suppose p = -3*s - 17, 5*s + 21 = -p + 3*p. What is the units digit of -2 - (26/p - -2)?
9
Suppose 3*i + 2*r = 79, 85 + 48 = 5*i + 2*r. Let u = i - 14. What is the tens digit of u?
1
Let w(s) = -7*s + 6. Suppose -2*j + 3 = 9. What is the tens digit of w(j)?
2
Let j(k) = -97*k + 1. What is the units digit of j(-1)?
8
Let p = 1 - -8. Suppose 4*i = 29 - p. What is the units digit of i?
5
Let y(b) = b**2 - 7*b + 1. Suppose v = 2*d - 5 + 2, v = -2*d + 13. Let p be y(v). Let f = 15 + p. What is the units digit of f?
6
Let k(a) = a**3 - 6*a**2 + a - 7. Let b be k(6). Let n = b - -15. What is the tens digit of n?
1
Let z(t) = 2*t + 41. What is the units digit of z(7)?
5
What is the units digit of 1/(-9)*-3 - 1095/(-9)?
2
Suppose -2*q + 6*q = 144. Suppose -f + 2*f - q = 3*z, -4*f + 5*z = -144. What is the units digit of f?
6
Suppose 4*i - 5*u - 24 = 0, 4*i - 3*u = -u + 12. Let v be (i - 3) + 12 + 0. What is the units digit of 5/v*(29 + 1)?
5
Let t = 7 - 4. Suppose -3*d = -t*x - 5*d + 9, 12 = 4*d. What is the units digit of x?
1
What is the tens digit of 561/(-12)*-4 - 2*1?
8
Let l = -6 + 0. Let u = -4 - l. What is the units digit of u?
2
Suppose 0 = -4*h + 3*o + 67 - 19, 3*o = -4*h + 24. What is the units digit of h?
9
Suppose -n + 1 = -2. What is the units digit of n?
3
Let n = -5 + 9. Let k(f) = f + 3. What is the units digit of k(n)?
7
Suppose 10*r = 1135 + 1005. What is the units digit of r?
4
Let d(f) = -f**3 + 2*f**2 + 3*f + 2. Let u be d(3). Let v(h) be the second derivative of 7*h**3/6 - h**2 + 2*h. What is the units digit of v(u)?
2
Suppose 6*l = 4*l + 4. What is the units digit of l?
2
Let h(b) = b + 1. Let s be h(-1). What is the units digit of 15 - (s - (3 + -3))?
5
Let w(h) = -5*h**3 - 15*h**2 + 21*h + 31. Let q(n) = -n**3 - 3*n**2 + 4*n + 6. Let x(p) = 11*q(p) - 2*w(p). What is the units digit of x(-4)?
2
Let t = 579 - 220. What is the hundreds digit of t?
3
Let b = 9 - 4. Suppose 0 = 2*t - b + 1. Suppose 5*x - 27 = -t. What is the units digit of x?
5
Suppose 0 = -2*s + i + 45, 78 = 5*s + 5*i - 57. Suppose 52 = 5*c - 7*b + 4*b, 2*c - s = 2*b. What is the units digit of c?
8
Suppose 3*y - 37 = -7. Let s(u) = 3*u - 13. What is the tens digit of s(y)?
1
Suppose -5*f = 3*v - 73, -f = -3*v + 5 + 56. What is the units digit of v?
1
Suppose 0 = -2*q + y + 270, -114 = -2*q + 3*y + 152. What is the units digit of q?
6
Suppose 3*w - 6 = d, 8 = 5*w + 4*d - 2. What is the tens digit of 0 + 17*(4 - w)?
3
Let s = 8 - 6. Suppose s*d = 3*d. What is the units digit of (-4)/(-2) + 12 + d?
4
Suppose -3*l = -0*l. Suppose -2 = -m + 3*m. What is the units digit of (l + 1)/(m/(-2))?
2
Let q(z) = -z**3 - 7*z**2 - 9*z - 8. Let m be q(-6). Suppose 4*i = 14 + m. What is the units digit of i?
6
Suppose 2*k = 12 + 6. Suppose -g + 6 + 9 = 3*r, -5*r - 15 = 0. What is the units digit of 6*(-2 + g/k)?
4
Let w(p) be the third derivative of p**6/60 - p**4/24 + p**3/6 + p**2. Suppose -4*d + 8 = 20, -2*s + 4*d = -14. What is the units digit of w(s)?
2
Let m(k) = k**3 + 8*k**2 + 7*k + 3. What is the tens digit of m(-5)?
4
Let d = 362 + -193. What is the hundreds digit of d?
1
Suppose -5*y + 637 = 3*q, 2*q - 179 = q + 5*y. What is the units digit of q?
4
Let i = 33 + 86. What is the units digit of i?
9
What is the units digit of 24/60 + (-296)/(-10)?
0
Suppose 24*j - 392 = 16*j. What is the units digit of j?
9
Let r be (-3 + 3 - -1) + 5. Let v = 0 - r. Let q(p) = -p - 2. What is the units digit of q(v)?
4
Suppose -25 = -2*j + 5. What is the units digit of j?
5
Suppose 0 = 3*z - 9 - 3, 3*t - 4 = 5*z. Let w be 2/(t/6)*2. Suppose -8 = -w*u + 1. What is the units digit of u?
3
Let c = 8 + -14. What is the units digit of (-7)/21 + (-98)/c?
6
Let g be (-1412)/(-22) - 10/55. Let z be g/20 - 2/10. Suppose 0 = -b + 8 + z. What is the tens digit of b?
1
Suppose 0 = -2*k + 32 - 2. Suppose -5*x + 2*x + k = 0. Suppose 0*m - 5*m + x = 0. What is the units digit of m?
1
Suppose -2*j = -4*j - 6, -4*a - 2*j = -18. What is the units digit of a?
6
Suppose 3*a + 22 = 49. What is the units digit of a?
9
Let n(j) = -j**2 + 3. Let t be 5/(-30) - (-34)/(-12). Let k(m) = -m + 4. Let d(a) = t*n(a) + 2*k(a). What is the units digit of d(2)?
7
Let c(m) = 6*m + 8. Let x be c(7). Suppose -3*o - x = 2*o. Let t(g) = -g**3 - 9*g**2 + 9*g - 3. What is the units digit of t(o)?
7
Let s(z) = -z**3 + 13. Let p(c) = c + 8. Let f be p(-4). Let b(n) = -n**2 + 3*n + 4. Let q be b(f). What is the tens digit of s(q)?
1
Suppose -2*t + 15 = 3*t, -4*t + 429 = 3*o. What is the hundreds digit of o?
1
Let v(j) = -38*j**2 - 6. Let h(f) = -39*f**2 - 5. Let i(y) = -7*h(y) + 6*v(y). What is the tens digit of i(-1)?
4
Suppose 5*a + 44 - 114 = 0. Suppose 2*c = 6 + a. What is the units digit of c?
0
Let q = -85 + 133. Let j = q - 27. What is the units digit of j?
1
Let v(w) = -2*w + 4*w + 7 + 0*w - 3*w. What is the units digit of v(-8)?
5
Suppose -8*y - q - 55 = -4*y, -2*q = y + 12. Let p = y + 49. What is the tens digit of p?
3
Suppose -5*g - 4*h - 22 + 148 = 0, -h - 106 = -5*g. What is the tens digit of g?
2
Let m(l) = l - 6. Let a be m(6). Suppose 0*u + 4*u - 8 = a. Suppose -9 = -3*k + 3*q, -2*k - u*q = -k - 12. What is the units digit of k?
6
Suppose 22 = 5*k + 5*l + 2, l + 8 = 5*k. Suppose -k*d = -127 + 41. What is the tens digit of d?
4
Suppose 367 + 713 = 4*h. What is the tens digit of h?
7
Let h(w) = w - 3*w + w - 1 + 2*w. What is the units digit of h(4)?
3
Let i(r) = 4*r**2 + 12*r - 1. Let f(n) = -n**2 - n + 1. Let m(u) = 5*f(u) + i(u). Let t be 38/5 - (-18)/(-30). What is the units digit of m(t)?
4
Suppose 157 = 3*i - 4*u, -i = i + 4*u - 78. What is the tens digit of i?
4
Let z(f) = -f**3 - 2*f + 4*f**2 - 3*f**3 - 1 + 3*f**3 - 5*f**2. Let x be z(-2). Suppose 4*y = -4*d + 12 + 16, 4*d = -y + x. What is the units digit of y?
7
Let l(v) = -v**3 + 11*v**2 - 5*v - 8. What is the units digit of l(10)?
2
What is the units digit of 369/6 + 1/(-2)?
1
Suppose 5*a = 6*y - 3*y - 31, 5*y - 35 = 5*a. Suppose 5*w = -y*t + t + 182, -4*w + 4*t + 136 = 0. What is the units digit of w?
6
Let l(f) = 9*f. Suppose -4*z = -12 - 16. Suppose -3*g - y + z = 0, -3*g + g + 3*y - 10 = 0. What is the units digit of l(g)?
9
Suppose 14*a = 13*a + 82. What is the tens digit of a?
8
Let n(r) = 